{"id":413,"date":"2023-03-16T11:38:42","date_gmt":"2023-03-16T10:38:42","guid":{"rendered":"http:\/\/www.strahlenberger.de\/?page_id=413"},"modified":"2026-03-10T18:00:21","modified_gmt":"2026-03-10T17:00:21","slug":"elementor-413","status":"publish","type":"page","link":"https:\/\/www.strahlenberger.de\/","title":{"rendered":""},"content":{"rendered":"\t\t<div data-elementor-type=\"wp-page\" data-elementor-id=\"413\" class=\"elementor elementor-413\">\n\t\t\t\t\t\t<section class=\"elementor-section elementor-top-section elementor-element elementor-element-a76b7b0 elementor-section-boxed elementor-section-height-default elementor-section-height-default\" data-id=\"a76b7b0\" data-element_type=\"section\">\n\t\t\t\t\t\t<div class=\"elementor-container elementor-column-gap-default\">\n\t\t\t\t\t<div class=\"elementor-column elementor-col-100 elementor-top-column elementor-element elementor-element-5cfeda6\" data-id=\"5cfeda6\" data-element_type=\"column\">\n\t\t\t<div class=\"elementor-widget-wrap elementor-element-populated\">\n\t\t\t\t\t\t<div class=\"elementor-element elementor-element-419da65 elementor-widget elementor-widget-image-carousel\" data-id=\"419da65\" data-element_type=\"widget\" data-settings=\"{&quot;slides_to_show&quot;:&quot;1&quot;,&quot;navigation&quot;:&quot;none&quot;,&quot;speed&quot;:300,&quot;autoplay_speed&quot;:4000,&quot;autoplay&quot;:&quot;yes&quot;,&quot;pause_on_hover&quot;:&quot;yes&quot;,&quot;pause_on_interaction&quot;:&quot;yes&quot;,&quot;infinite&quot;:&quot;yes&quot;,&quot;effect&quot;:&quot;slide&quot;}\" data-widget_type=\"image-carousel.default\">\n\t\t\t\t<div class=\"elementor-widget-container\">\n\t\t\t\t\t\t\t<div class=\"elementor-image-carousel-wrapper swiper\" role=\"region\" aria-roledescription=\"carousel\" aria-label=\"Bild Karussell\" dir=\"ltr\">\n\t\t\t<div class=\"elementor-image-carousel swiper-wrapper swiper-image-stretch\" aria-live=\"off\">\n\t\t\t\t\t\t\t\t<div class=\"swiper-slide\" role=\"group\" aria-roledescription=\"slide\" aria-label=\"1 von 4\"><figure class=\"swiper-slide-inner\"><img decoding=\"async\" class=\"swiper-slide-image\" src=\"https:\/\/www.strahlenberger.de\/wp-content\/uploads\/2023\/04\/Slide1-1024x462.jpg\" alt=\"Slide1\" \/><\/figure><\/div><div class=\"swiper-slide\" role=\"group\" aria-roledescription=\"slide\" aria-label=\"2 von 4\"><figure class=\"swiper-slide-inner\"><img decoding=\"async\" class=\"swiper-slide-image\" src=\"https:\/\/www.strahlenberger.de\/wp-content\/uploads\/2023\/04\/Slide2-1024x462.jpg\" alt=\"Slide2\" \/><\/figure><\/div><div class=\"swiper-slide\" role=\"group\" aria-roledescription=\"slide\" aria-label=\"3 von 4\"><figure class=\"swiper-slide-inner\"><img decoding=\"async\" class=\"swiper-slide-image\" src=\"https:\/\/www.strahlenberger.de\/wp-content\/uploads\/2023\/04\/Slide3-1024x462.jpg\" alt=\"Slide3\" \/><\/figure><\/div><div class=\"swiper-slide\" role=\"group\" aria-roledescription=\"slide\" aria-label=\"4 von 4\"><figure class=\"swiper-slide-inner\"><img decoding=\"async\" class=\"swiper-slide-image\" src=\"https:\/\/www.strahlenberger.de\/wp-content\/uploads\/2023\/04\/Slide4-1024x462.jpg\" alt=\"Slide4\" \/><\/figure><\/div>\t\t\t<\/div>\n\t\t\t\t\t\t\t\n\t\t\t\t\t\t\t\t\t<\/div>\n\t\t\t\t\t\t<\/div>\n\t\t\t\t<\/div>\n\t\t\t\t<div class=\"elementor-element elementor-element-0b66486 elementor-widget elementor-widget-heading\" data-id=\"0b66486\" data-element_type=\"widget\" data-widget_type=\"heading.default\">\n\t\t\t\t<div class=\"elementor-widget-container\">\n\t\t\t\t\t<h3 class=\"elementor-heading-title elementor-size-default\">Unsere Sponsoren<\/h3>\t\t\t\t<\/div>\n\t\t\t\t<\/div>\n\t\t\t\t\t<\/div>\n\t\t<\/div>\n\t\t\t\t\t<\/div>\n\t\t<\/section>\n\t\t\t\t<section class=\"elementor-section elementor-top-section elementor-element elementor-element-1a49624 elementor-section-boxed elementor-section-height-default elementor-section-height-default\" data-id=\"1a49624\" data-element_type=\"section\">\n\t\t\t\t\t\t<div class=\"elementor-container elementor-column-gap-default\">\n\t\t\t\t\t<div class=\"elementor-column elementor-col-100 elementor-top-column elementor-element elementor-element-7bf22ac\" data-id=\"7bf22ac\" data-element_type=\"column\">\n\t\t\t<div class=\"elementor-widget-wrap elementor-element-populated\">\n\t\t\t\t\t\t<div class=\"elementor-element elementor-element-a5d9a92 elementor-widget elementor-widget-shortcode\" data-id=\"a5d9a92\" data-element_type=\"widget\" data-widget_type=\"shortcode.default\">\n\t\t\t\t<div class=\"elementor-widget-container\">\n\t\t\t\t\t\t\t<div class=\"elementor-shortcode\">\n<table id=\"tablepress-13\" class=\"tablepress tablepress-id-13 tbody-has-connected-cells\">\n<tbody>\n<tr class=\"row-1\">\n\t<td colspan=\"3\" class=\"column-1\"><img decoding=\"async\" src=\"http:\/\/www.strahlenberger.de\/wp-content\/uploads\/2023\/03\/Sponsor1-300x120.jpg\" alt=\"\" width=\"300\" height=\"120\" class=\"alignnone size-medium wp-image-294\" srcset=\"https:\/\/www.strahlenberger.de\/wp-content\/uploads\/2023\/03\/Sponsor1-300x120.jpg 300w, https:\/\/www.strahlenberger.de\/wp-content\/uploads\/2023\/03\/Sponsor1.jpg 399w\" sizes=\"(max-width: 300px) 100vw, 300px\" \/><\/td><td colspan=\"3\" class=\"column-4\"><img decoding=\"async\" src=\"http:\/\/www.strahlenberger.de\/wp-content\/uploads\/2023\/03\/Sponsor2-300x131.jpg\" alt=\"\" width=\"300\" height=\"131\" class=\"alignnone size-medium wp-image-295\" srcset=\"https:\/\/www.strahlenberger.de\/wp-content\/uploads\/2023\/03\/Sponsor2-300x131.jpg 300w, https:\/\/www.strahlenberger.de\/wp-content\/uploads\/2023\/03\/Sponsor2.jpg 400w\" sizes=\"(max-width: 300px) 100vw, 300px\" \/><\/td><td colspan=\"3\" class=\"column-7\"><img decoding=\"async\" src=\"http:\/\/www.strahlenberger.de\/wp-content\/uploads\/2023\/03\/Sponsor3-300x128.jpg\" alt=\"\" width=\"300\" height=\"128\" class=\"alignnone size-medium wp-image-296\" srcset=\"https:\/\/www.strahlenberger.de\/wp-content\/uploads\/2023\/03\/Sponsor3-300x128.jpg 300w, https:\/\/www.strahlenberger.de\/wp-content\/uploads\/2023\/03\/Sponsor3.jpg 400w\" sizes=\"(max-width: 300px) 100vw, 300px\" \/><\/td>\n<\/tr>\n<tr class=\"row-2\">\n\t<td colspan=\"3\" class=\"column-1\"><img loading=\"lazy\" decoding=\"async\" src=\"http:\/\/www.strahlenberger.de\/wp-content\/uploads\/2023\/03\/Sponsor4-300x131.jpg\" alt=\"\" width=\"300\" height=\"131\" class=\"aligncenter size-medium wp-image-297\" srcset=\"https:\/\/www.strahlenberger.de\/wp-content\/uploads\/2023\/03\/Sponsor4-300x131.jpg 300w, https:\/\/www.strahlenberger.de\/wp-content\/uploads\/2023\/03\/Sponsor4.jpg 400w\" sizes=\"(max-width: 300px) 100vw, 300px\" \/><\/td><td class=\"column-4\">&nbsp;<\/td><td class=\"column-5\">&nbsp;<\/td><td colspan=\"4\" class=\"column-6\"><img loading=\"lazy\" decoding=\"async\" src=\"http:\/\/www.strahlenberger.de\/wp-content\/uploads\/2023\/03\/Sponsor5-300x131.jpg\" alt=\"\" width=\"300\" height=\"131\" class=\"alignnone size-medium wp-image-298\" srcset=\"https:\/\/www.strahlenberger.de\/wp-content\/uploads\/2023\/03\/Sponsor5-300x131.jpg 300w, https:\/\/www.strahlenberger.de\/wp-content\/uploads\/2023\/03\/Sponsor5.jpg 400w\" sizes=\"(max-width: 300px) 100vw, 300px\" \/><\/td>\n<\/tr>\n<\/tbody>\n<\/table>\n<!-- #tablepress-13 from cache --><\/div>\n\t\t\t\t\t\t<\/div>\n\t\t\t\t<\/div>\n\t\t\t\t\t<\/div>\n\t\t<\/div>\n\t\t\t\t\t<\/div>\n\t\t<\/section>\n\t\t\t\t<section class=\"elementor-section elementor-top-section elementor-element elementor-element-675c394 elementor-section-boxed elementor-section-height-default elementor-section-height-default\" data-id=\"675c394\" data-element_type=\"section\">\n\t\t\t\t\t\t<div class=\"elementor-container elementor-column-gap-default\">\n\t\t\t\t\t<div class=\"elementor-column elementor-col-100 elementor-top-column elementor-element elementor-element-a76fb53\" data-id=\"a76fb53\" data-element_type=\"column\">\n\t\t\t<div class=\"elementor-widget-wrap elementor-element-populated\">\n\t\t\t\t\t\t<div class=\"elementor-element elementor-element-0dcf97f elementor-widget elementor-widget-html\" data-id=\"0dcf97f\" data-element_type=\"widget\" data-widget_type=\"html.default\">\n\t\t\t\t<div class=\"elementor-widget-container\">\n\t\t\t\t\t<div style=\"overflow:hidden;height:1px;\"><h2>Casinoly Casino Pokies in DE so finden wir hohe RTP<\/h2><p>Hohe Auszahlungen bedeuten f\u00fcr uns vor allem gute RTP Werte und faire Regeln. Wir suchen bei Casinoly Casino nach Slots mit transparenten Infos, passender Volatilit\u00e4t und ohne versteckte Limits. Wichtig ist auch, ob Freispiele und Bonusgeld diese Slots \u00fcberhaupt erlauben. So findest du in Deutschland Pokies, die sich wirklich lohnen. <a href=\"https:\/\/idol.st\/user\/77134\/Casinoly\/\" target=\"_blank\" rel=\"noopener\">https:\/\/idol.st\/user\/77134\/Casinoly\/<\/a> <\/p> <\/div>\r\n<div style=\"overflow:hidden;height:1px;\"><h2>BitKings Casino und der Blick auf Auszahlungen und RTP<\/h2><p>Wer nach den besten Auszahlungen sucht, sollte im BitKings Casino nicht nur auf Werbung schauen, sondern auf klare Faktoren. Dazu z\u00e4hlen RTP Infos pro Spiel, faire Cashout Regeln und eine Kasse ohne versteckte H\u00fcrden. F\u00fcr Vergleiche kann man weitere informationen erhalten sie hier <a href=\"https:\/\/www.moderne-wellness.de\/forum\/user\/5709-bitkingscasino\/#about\" target=\"_blank\" rel=\"noopener\">https:\/\/www.moderne-wellness.de\/forum\/user\/5709-bitkingscasino\/#about<\/a> im Testbereich nutzen und Methoden gegen\u00fcberstellen. Am Ende \u00fcberzeugt meist das Casino, das transparent erkl\u00e4rt, wie und wann Geld rausgeht.<\/p> <\/div>\r\n<div style=\"overflow:hidden;height:1px;\"><h2>SG Casino Zahlungsoptionen was schnell und sicher ist<\/h2><p>Zahlungsoptionen sollten zu Ihrem Spielstil passen: schnelle Einzahlungen, klare Limits und transparente Auszahlungen. SG Casino bietet meist Karten, Wallets und teils Krypto an, doch entscheidend sind Geb\u00fchren und Bearbeitungszeiten. Im Cashier k\u00f6nnen Sie weitere informationen finden <a href=\"https:\/\/idol.st\/user\/50100\/SGcasino\/\" target=\"_blank\" rel=\"noopener\">https:\/\/idol.st\/user\/50100\/SGcasino\/<\/a> zu Mindestbetr\u00e4gen und Verifizierung. W\u00e4hlen Sie nur Methoden, die Sie auch f\u00fcr Auszahlungen nutzen m\u00f6chten.<\/p> <\/div>\r\n<div style=\"overflow:hidden;height:1px;\"><h2>PlayFina als Vergleichspunkt f\u00fcr Deutschlands Online Casinos<\/h2><p>Das beste Online Casino in Deutschland ist nicht nur der Bonus, sondern Lizenz, Spiele und Service. PlayFina kann als Vergleich dienen: Achte auf RTP Infos, Zahlungsoptionen, Limits und Support. Wer einfach ausprobieren <a href=\"https:\/\/disqus.com\/by\/playfinade\/about\/\" target=\"_blank\" rel=\"noopener\">https:\/\/disqus.com\/by\/playfinade\/about\/<\/a> will, testet erst den Live Chat und zahlt klein ein. So merkst du schnell, ob die Plattform passt.<\/p> <\/div>\r\n<div style=\"overflow:hidden;height:1px;\"><h2>Zahlt BetOnRed Casino besser aus als andere Anbieter?<\/h2><p>Ich bewerte Auszahlung nicht nur nach Werbung, sondern nach Tempo und Transparenz im BetOnRed Casino. Ich schaue zuerst auf Limits, Geb\u00fchren und ob Cashouts sauber im Kassenbereich erkl\u00e4rt sind. Bei Casino BetonRed <a href=\"https:\/\/thebloodsugardiet.com\/forums\/users\/betonred\/\" target=\"_blank\" rel=\"noopener\">https:\/\/thebloodsugardiet.com\/forums\/users\/betonred\/<\/a> hat mir geholfen, kleine Testcashouts zu machen, bevor ich h\u00f6her spiele.<\/p> <\/div>\t\t\t\t<\/div>\n\t\t\t\t<\/div>\n\t\t\t\t\t<\/div>\n\t\t<\/div>\n\t\t\t\t\t<\/div>\n\t\t<\/section>\n\t\t\t\t<\/div>\n\t\t","protected":false},"excerpt":{"rendered":"<p>Unsere Sponsoren Casinoly Casino Pokies in DE so finden wir hohe RTP Hohe Auszahlungen bedeuten f\u00fcr uns vor allem gute RTP Werte und faire Regeln. Wir suchen bei Casinoly Casino &#8230;<\/p>\n","protected":false},"author":1,"featured_media":0,"parent":0,"menu_order":0,"comment_status":"closed","ping_status":"closed","template":"","meta":{"footnotes":""},"class_list":["post-413","page","type-page","status-publish","hentry"],"_links":{"self":[{"href":"https:\/\/www.strahlenberger.de\/index.php?rest_route=\/wp\/v2\/pages\/413","targetHints":{"allow":["GET"]}}],"collection":[{"href":"https:\/\/www.strahlenberger.de\/index.php?rest_route=\/wp\/v2\/pages"}],"about":[{"href":"https:\/\/www.strahlenberger.de\/index.php?rest_route=\/wp\/v2\/types\/page"}],"author":[{"embeddable":true,"href":"https:\/\/www.strahlenberger.de\/index.php?rest_route=\/wp\/v2\/users\/1"}],"replies":[{"embeddable":true,"href":"https:\/\/www.strahlenberger.de\/index.php?rest_route=%2Fwp%2Fv2%2Fcomments&post=413"}],"version-history":[{"count":24,"href":"https:\/\/www.strahlenberger.de\/index.php?rest_route=\/wp\/v2\/pages\/413\/revisions"}],"predecessor-version":[{"id":603,"href":"https:\/\/www.strahlenberger.de\/index.php?rest_route=\/wp\/v2\/pages\/413\/revisions\/603"}],"wp:attachment":[{"href":"https:\/\/www.strahlenberger.de\/index.php?rest_route=%2Fwp%2Fv2%2Fmedia&parent=413"}],"curies":[{"name":"wp","href":"https:\/\/api.w.org\/{rel}","templated":true}]}}